
Does 111 divide 54612?
True
Is 83 a factor of 3403?
True
Does 43 divide 104089?
False
Does 53 divide 28832?
True
Is 3286 a multiple of 13?
False
Does 29 divide 736?
False
Is 19 a factor of 32576?
False
Does 39 divide 4255?
False
Is 183 a multiple of 3?
True
Is 280 a multiple of 14?
True
Is 15 a factor of 1365?
True
Is 39 a factor of 3051?
False
Is 19 a factor of 171?
True
Is 7 a factor of 317?
False
Is 18708 a multiple of 16?
False
Is 27 a factor of 81?
True
Is 225 a multiple of 27?
False
Does 90 divide 4050?
True
Is 674 a multiple of 12?
False
Is 33 a factor of 691?
False
Is 43 a factor of 1298?
False
Does 59 divide 5133?
True
Is 285 a factor of 27167?
False
Is 5572 a multiple of 26?
False
Is 12 a factor of 46?
False
Is 2380 a multiple of 69?
False
Is 24104 a multiple of 262?
True
Is 3870 a multiple of 43?
True
Is 37 a factor of 18093?
True
Is 1188 a multiple of 44?
True
Is 12 a factor of 792?
True
Is 18156 a multiple of 267?
True
Is 56 a factor of 4704?
True
Does 87 divide 74820?
True
Does 5 divide 12760?
True
Is 274 a factor of 16714?
True
Is 23883 a multiple of 12?
False
Is 20 a multiple of 10?
True
Does 37 divide 141?
False
Is 7909 a multiple of 7?
False
Does 11 divide 39710?
True
Is 5 a factor of 2346?
False
Does 32 divide 13952?
True
Does 94 divide 3793?
False
Does 9 divide 4087?
False
Is 871 a multiple of 67?
True
Is 6900 a multiple of 15?
True
Is 20 a factor of 11211?
False
Does 30 divide 1405?
False
Does 56 divide 7917?
False
Does 40 divide 874?
False
Is 63 a factor of 3367?
False
Does 8 divide 69944?
True
Is 46 a factor of 1518?
True
Is 29 a factor of 41870?
False
Is 37 a factor of 165136?
False
Is 330 even?
True
Does 124 divide 1039?
False
Does 23 divide 47725?
True
Is 2970 a multiple of 18?
True
Is 88 a factor of 37242?
False
Is 69 a factor of 14699?
False
Is 111 a multiple of 7?
False
Is 10 a factor of 18440?
True
Is 119 a factor of 24226?
False
Is 205 a multiple of 4?
False
Is 6 a factor of 96?
True
Is 17234 a multiple of 90?
False
Is 7716 a multiple of 18?
False
Is 350 a multiple of 7?
True
Does 35 divide 3815?
True
Is 2055 a multiple of 15?
True
Is 45224 a multiple of 27?
False
Is 81 a factor of 165?
False
Does 146 divide 730?
True
Does 30 divide 210?
True
Is 3184 a multiple of 16?
True
Does 3 divide 2519?
False
Is 18754 a multiple of 13?
False
Does 45 divide 405?
True
Is 75 a factor of 1010?
False
Is 90053 a multiple of 329?
False
Is 3746 a multiple of 62?
False
Is 101 a factor of 100899?
True
Is 798 a multiple of 25?
False
Does 55 divide 47245?
True
Is 5 a multiple of 2?
False
Is 535 a multiple of 5?
True
Is 10 a factor of 110?
True
Is 1179 a multiple of 9?
True
Is 4771 a multiple of 9?
False
Is 33 a factor of 2458?
False
Does 57 divide 6452?
False
Is 10174 a multiple of 74?
False
Is 560 a multiple of 3?
False
Is 463 a multiple of 3?
False
Does 211 divide 11249?
False
Does 9 divide 81?
True
Is 535 a multiple of 8?
False
Is 12 a factor of 20811?
False
Does 78 divide 3276?
True
Is 54306 a multiple of 6?
True
Is 50 a factor of 18350?
True
Is 345 a multiple of 24?
False
Is 361 a multiple of 9?
False
Does 206 divide 23278?
True
Is 2970 a multiple of 45?
True
Is 11456 a multiple of 8?
True
Is 64086 a multiple of 66?
True
Is 927 a multiple of 70?
False
Is 331 a multiple of 22?
False
Is 804 a multiple of 6?
True
Does 19 divide 13946?
True
Is 3696 a multiple of 6?
True
Is 9794 a multiple of 59?
True
Is 41677 a multiple of 102?
False
Is 2607 a multiple of 79?
True
Does 12 divide 2149?
False
Is 41 a factor of 2173?
True
Does 6 divide 1598?
False
Does 70 divide 4851?
False
Does 26 divide 988?
True
Is 96 a multiple of 8?
True
Does 11 divide 2112?
True
Does 98 divide 3920?
True
Is 12 a factor of 4259?
False
Is 228 a multiple of 38?
True
Does 35 divide 4201?
False
Does 26 divide 5070?
True
Does 22 divide 4348?
False
Does 37 divide 8538?
False
Is 51 a factor of 2887?
False
Is 3921 a multiple of 103?
False
Is 110 a multiple of 55?
True
Is 1102 a multiple of 38?
True
Is 10 a factor of 2480?
True
Is 2 a factor of 43?
False
Does 109 divide 34117?
True
Does 15 divide 15?
True
Does 71 divide 1420?
True
Is 731 a multiple of 17?
True
Is 61 a factor of 38592?
False
Is 3289 a multiple of 11?
True
Does 57 divide 285?
True
Does 40 divide 3560?
True
Is 6930 a multiple of 35?
True
Is 35 a factor of 19413?
False
Does 49 divide 1960?
True
Is 65857 a multiple of 16?
False
Is 2 a factor of 36?
True
Does 229 divide 68779?
False
Does 9 divide 603?
True
Is 988 a multiple of 4?
True
Is 1650 a multiple of 55?
True
Is 47 a multiple of 26?
False
Does 55 divide 8216?
False
Is 17 a factor of 15451?
False
Is 22 a factor of 37400?
True
Is 7 a factor of 16800?
True
Does 66 divide 2173?
False
Does 16 divide 10279?
False
Is 2231 a multiple of 35?
False
Is 43 a factor of 120228?
True
Is 106 a factor of 7314?
True
Is 2680 even?
True
Does 13 divide 7584?
False
Does 45 divide 2610?
True
Is 6151 a multiple of 11?
False
Does 43 divide 3440?
True
Is 7504 a multiple of 134?
True
Is 1244 a multiple of 7?
False
Does 46 divide 1383?
False
Does 26 divide 9142?
False
Does 6 divide 289?
False
Is 1708 a multiple of 28?
True
Does 26 divide 442?
True
Is 16330 a multiple of 23?
True
Does 105 divide 4599?
False
Is 38 a factor of 1976?
True
Is 4565 a multiple of 9?
False
Does 148 divide 444?
True
Does 25 divide 662?
False
Is 13984 a multiple of 14?
False
Is 1950 a multiple of 21?
False
Is 36 a factor of 2059?
False
Is 12 a factor of 2381?
False
Is 5 a factor of 924?
False
Does 46 divide 777?
False
Is 43407 a multiple of 13?
True
Is 4037 a multiple of 18?
False
Is 4740 a multiple of 20?
True
Does 10 divide 1140?
True
Is 46 a factor of 22448?
True
Is 8279 a multiple of 186?
False
Is 1422 a multiple of 18?
True
Is 34 a factor of 229?
False
Is 92 a factor of 736?
True
Is 71 a factor of 20164?
True
Is 184 a multiple of 5?
False
Does 10 divide 390?
True
Does 8 divide 464?
True
Is 12 a factor of 9312?
True
Is 48 a factor of 3686?
False
Does 3 divide 19191?
True
Is 179 a multiple of 6?
False
Is 16 a factor of 3737?
False
Is 19 a multiple of 2?
False
Is 755 a multiple of 2?
False
Is 81 a factor of 4584?
False
Is 31 a factor of 181?
False
Is 1768 a multiple of 122?
False
Is 34 a factor of 4114?
True
Is 54 a factor of 270?
True
Does 14 divide 811?
False
Does 53 divide 17437?
True
Does 6 divide 3084?
True
Does 144 divide 14832?
True
Is 373 a multiple of 51?
False
Does 386 divide 53268?
True
Does 23 divide 625?
False
Is 3372 a multiple of 10?
False
Is 23704 a multiple of 68?
False
Does 66 divide 388?
False
Is 6 a factor of 157?
False
Is 25 a factor of 2674?
False
Is 8375 a multiple of 82?
False
Is 1541 a multiple of 32?
False
Does 165 divide 81380?
False
Does 11 divide 479?
False
Does 56 divide 14672?
True
Is 18832 a multiple of 22?
True
Does 50 divide 3050?
True
Is 1215 a multiple of 15?
True
Is 186 a multiple of 2?
True
Is 1422 a multiple of 72?
False
Is 33 a factor of 12862?
False
Does 20 divide 2580?
True
Is 13 a factor of 913?
False
Is 10 a factor of 170?
True
Is 25 a factor of 800?
True
Does 8 divide 26?
False
Does 376 divide 92537?
False
Is 4182 a multiple of 102?
True
Is 23902 a multiple of 74?
True
Is 5 a factor of 500?
True
Is 78 a factor of 858?
True
Does 13 divide 9431?
False
Is 144800 a multiple of 181?
True
Is 1701 a multiple of 21?
True
Is 44579 a multiple of 133?
False
Is 792 a multiple of 123?
False
Is 11 a factor of 12675?
False
Is 57 a factor of 7980?
True
Is 150 a factor of 96000?
True
Is 21714 a multiple of 42?
True
Does 126 divide 504?
True
Does 16 divide 462?
False
Is 21588 a multiple of 21?
True
Is 12 a factor of 7032?
True
Is 18317 a multiple of 19?
False
Is 57 a factor of 2034?
False
Is 5916 a multiple of 139?
False
Is 24 a factor of 330?
False
Is 48 a multiple of 24?
True
Is 27 a factor of 67803?
False
Does 85 divide 39695?
True
Is 106 a factor of 2862?
True
Does 87 divide 41499?
True
Is 3416 a multiple of 14?
True
Is 20 a factor of 680?
True
Is 61 a factor of 18300?
True
Is 14 a factor of 3612?
True
Is 13 a factor of 68146?
True
Does 45 divide 3420?
True
Does 312 divide 52416?
True
Does 28 divide 927?
False
Is 1121 a multiple of 59?
True
Does 23 divide 43516?
True
Is 39160 a multiple of 40?
True
Does 43 divide 262?
False
Is 144 a factor of 20016?
True
Is 408 a multiple o